{"id":58391,"date":"2023-07-05T09:08:40","date_gmt":"2023-07-05T13:08:40","guid":{"rendered":"https:\/\/web.molina.cl\/?page_id=58391"},"modified":"2024-07-22T16:45:47","modified_gmt":"2024-07-22T20:45:47","slug":"enmienda-nro-1-plan-regulador-comunal-molina","status":"publish","type":"page","link":"https:\/\/web.molina.cl\/?page_id=58391","title":{"rendered":"Enmienda Nro. 2 &#8211; Plan Regulador Comunal Molina."},"content":{"rendered":"\n<p><strong>\u00bfQu\u00e9 es una Enmienda?<\/strong><\/p>\n\n\n\n<p>Es un procedimiento de modificaci\u00f3n del Plan regulador Comunal.<br>Se encuentra normado en el Art\u00edculo 45 de la Ley General de Urbanismo y Construcciones (LGUC) y en el Art\u00edculo 2.1.13 de la Ordenanza General de Urbanismo y Construcciones (OGUC).<\/p>\n\n\n\n<p><\/p>\n\n\n\n<hr class=\"wp-block-separator has-css-opacity\"\/>\n\n\n\n<p class=\"has-large-font-size\"><strong>PUBLICACION DIARIO LA PRENSA  &#8211; 20 Julio 2024<\/strong><\/p>\n\n\n<div class=\"wp-block-image\">\n<figure class=\"aligncenter size-full\"><img loading=\"lazy\" decoding=\"async\" width=\"433\" height=\"927\" src=\"https:\/\/web.molina.cl\/wp-content\/uploads\/2024\/07\/Publicacion-Diario-La-Prensa.png\" alt=\"\" class=\"wp-image-65568\" srcset=\"https:\/\/web.molina.cl\/wp-content\/uploads\/2024\/07\/Publicacion-Diario-La-Prensa.png 433w, https:\/\/web.molina.cl\/wp-content\/uploads\/2024\/07\/Publicacion-Diario-La-Prensa-140x300.png 140w, https:\/\/web.molina.cl\/wp-content\/uploads\/2024\/07\/Publicacion-Diario-La-Prensa-196x420.png 196w\" sizes=\"(max-width: 433px) 100vw, 433px\" \/><\/figure><\/div>\n\n\n<p>Documentos<\/p>\n\n\n\n<div class=\"wp-block-file\"><a href=\"https:\/\/web.molina.cl\/wp-content\/uploads\/2024\/07\/Decreto-3496-Aprueva-Inicio-Proceso-Enmienda-2-PRC.pdf\">Decreto 3496 Aprueva Inicio Proceso Enmienda 2 PRC<\/a><a href=\"https:\/\/web.molina.cl\/wp-content\/uploads\/2024\/07\/Decreto-3496-Aprueva-Inicio-Proceso-Enmienda-2-PRC.pdf\" class=\"wp-block-file__button\">Descarga<\/a><\/div>\n\n\n\n<div class=\"wp-block-file\"><a href=\"https:\/\/web.molina.cl\/wp-content\/uploads\/2024\/07\/Carta-Informativa-Vecinos-Enmienda-N\u00b02.pdf\">Carta Informativa Vecinos Enmienda N\u00b02<\/a><a href=\"https:\/\/web.molina.cl\/wp-content\/uploads\/2024\/07\/Carta-Informativa-Vecinos-Enmienda-N\u00b02.pdf\" class=\"wp-block-file__button\">Descarga<\/a><\/div>\n\n\n\n<div class=\"wp-block-file\"><a href=\"https:\/\/web.molina.cl\/wp-content\/uploads\/2024\/07\/Enmienda-N\u00b02-PRC-Memoria.pdf\">MEMORIA<\/a><a href=\"https:\/\/web.molina.cl\/wp-content\/uploads\/2024\/07\/Enmienda-N\u00b02-PRC-Memoria.pdf\" class=\"wp-block-file__button\">Descarga<\/a><\/div>\n\n\n\n<div class=\"wp-block-file\"><a href=\"https:\/\/web.molina.cl\/wp-content\/uploads\/2024\/07\/Plano-1-Enmienda2.pdf\">PLANO ENMIENDA 2<\/a><a href=\"https:\/\/web.molina.cl\/wp-content\/uploads\/2024\/07\/Plano-1-Enmienda2.pdf\" class=\"wp-block-file__button\">Descarga<\/a><\/div>\n\n\n\n<div class=\"wp-block-file\"><a href=\"https:\/\/web.molina.cl\/wp-content\/uploads\/2024\/07\/Formulario-Observacion.pdf\">FORMULARIO PRESENTACI\u00d3N DE OBSERVACIONES<\/a><a href=\"https:\/\/web.molina.cl\/wp-content\/uploads\/2024\/07\/Formulario-Observacion.pdf\" class=\"wp-block-file__button\">Descarga<\/a><\/div>\n","protected":false},"excerpt":{"rendered":"<p>\u00bfQu\u00e9 es una Enmienda? Es un procedimiento de modificaci\u00f3n del Plan regulador Comunal.Se encuentra normado en el Art\u00edculo 45 de la Ley General de Urbanismo y Construcciones (LGUC) y en el Art\u00edculo 2.1.13 de la Ordenanza General de Urbanismo y Construcciones (OGUC). PUBLICACION DIARIO LA PRENSA &#8211; 20 Julio 2024 Documentos Decreto 3496 Aprueva Inicio [&hellip;]<\/p>\n","protected":false},"author":7,"featured_media":0,"parent":0,"menu_order":0,"comment_status":"closed","ping_status":"closed","template":"","meta":{"footnotes":""},"_links":{"self":[{"href":"https:\/\/web.molina.cl\/index.php?rest_route=\/wp\/v2\/pages\/58391"}],"collection":[{"href":"https:\/\/web.molina.cl\/index.php?rest_route=\/wp\/v2\/pages"}],"about":[{"href":"https:\/\/web.molina.cl\/index.php?rest_route=\/wp\/v2\/types\/page"}],"author":[{"embeddable":true,"href":"https:\/\/web.molina.cl\/index.php?rest_route=\/wp\/v2\/users\/7"}],"replies":[{"embeddable":true,"href":"https:\/\/web.molina.cl\/index.php?rest_route=%2Fwp%2Fv2%2Fcomments&post=58391"}],"version-history":[{"count":5,"href":"https:\/\/web.molina.cl\/index.php?rest_route=\/wp\/v2\/pages\/58391\/revisions"}],"predecessor-version":[{"id":65570,"href":"https:\/\/web.molina.cl\/index.php?rest_route=\/wp\/v2\/pages\/58391\/revisions\/65570"}],"wp:attachment":[{"href":"https:\/\/web.molina.cl\/index.php?rest_route=%2Fwp%2Fv2%2Fmedia&parent=58391"}],"curies":[{"name":"wp","href":"https:\/\/api.w.org\/{rel}","templated":true}]}}