{"id":53503,"date":"2022-10-03T11:18:50","date_gmt":"2022-10-03T15:18:50","guid":{"rendered":"https:\/\/web.molina.cl\/?page_id=53503"},"modified":"2022-11-29T12:10:06","modified_gmt":"2022-11-29T16:10:06","slug":"permisos-de-circulacion","status":"publish","type":"page","link":"https:\/\/web.molina.cl\/?page_id=53503","title":{"rendered":"Permisos de Circulaci\u00f3n"},"content":{"rendered":"\n<p align=\"justify\"><strong>El Departamento de Permisos de Circulaci\u00f3n&nbsp;<\/strong>tiene por finalidad el otorgamiento de los Permisos de Circulaci\u00f3n a los veh\u00edculos de acuerdo con la Legislaci\u00f3n vigente en la Naci\u00f3n. Sus funciones principalmente es encargarse del otorgamiento y renovaci\u00f3n de los Permisos de Circulaci\u00f3n a los veh\u00edculos de los vecinos de la comunidad.<\/p>\n\n\n\n<p align=\"justify\"><strong>Tel\u00e9fono:<\/strong>&nbsp;752760754<br><strong>Departamento de Permisos de Circulaci\u00f3n:<\/strong>&nbsp;Quechereguas N\u00b0 1647, Oficina 9<br><strong>Horario de atenci\u00f3n:<\/strong>&nbsp;Lunes A Viernes De&nbsp;<strong>08:20<\/strong>&nbsp;A&nbsp;<strong>14:00 Hrs.<\/strong><\/p>\n\n\n<section id='' \n                class='helpie-faq accordions faq-toggle' \n                data-collection='' \n                data-pagination='0' \n                data-search='0' \n                data-pagination-enabled='0'\n                role='region'\n                aria-label='FAQ Section'\n                aria-live='polite'><article class=\"accordion \"><div class='helpie-faq-row'><div class='helpie-faq-col helpie-faq-col-12' ><ul><li class=\"accordion__item \"><div class=\"accordion__header \" \r\n                id=\"accordion-header-post-53491\"\r\n                role=\"button\"\r\n                aria-expanded=\"false\"\r\n                aria-controls=\"accordion-content-post-53491\"\r\n                data-id=\"post-53491\" \r\n                data-item=\"hfaq-post-53491\" \r\n                style=\"background:transparent;\" \r\n                data-tags=\"\"\r\n                tabindex=\"0\"><div class=\"accordion__title\">\u00bfQu\u00e9 es el permiso de circulaci\u00f3n?<\/div><\/div><div id=\"accordion-content-post-53491\" \r\n                class=\"accordion__body\" \r\n                role=\"region\"\r\n                aria-labelledby=\"accordion-header-post-53491\"\r\n                style=\"background:transparent;\"><h6>El impuesto que deben pagar anualmente todos los due\u00f1os de veh\u00edculos motorizados y que va en beneficio de las Municipalidades. Permite que los autom\u00f3viles, camionetas, motos y otros puedan circular por las calles del Pa\u00eds en forma legal.<\/h6>\n<\/div><\/li><li class=\"accordion__item \"><div class=\"accordion__header \" \r\n                id=\"accordion-header-post-53492\"\r\n                role=\"button\"\r\n                aria-expanded=\"false\"\r\n                aria-controls=\"accordion-content-post-53492\"\r\n                data-id=\"post-53492\" \r\n                data-item=\"hfaq-post-53492\" \r\n                style=\"background:transparent;\" \r\n                data-tags=\"\"\r\n                tabindex=\"0\"><div class=\"accordion__title\">\u00bfCu\u00e1ndo se paga el permiso de circulaci\u00f3n?<\/div><\/div><div id=\"accordion-content-post-53492\" \r\n                class=\"accordion__body\" \r\n                role=\"region\"\r\n                aria-labelledby=\"accordion-header-post-53492\"\r\n                style=\"background:transparent;\"><h6>Para\u00a0<b>autom\u00f3viles<\/b>, a partir del\u00a0<b>1 de febrero y hasta el 31 de marzo<\/b>\u00a0Para\u00a0<b>taxis y buses<\/b>, el plazo es hasta el\u00a0<b>31 de mayo\u00a0<\/b>; para\u00a0<b>veh\u00edculos de carga, motos y motonetas<\/b>, hasta el<b>\u00a030 de septiembre<\/b>, aunque estas fechas son aproximadas, se recomienda confirmar con la Municipalidad donde paga su permiso pues hay variaciones.<\/h6>\n<\/div><\/li><li class=\"accordion__item \"><div class=\"accordion__header \" \r\n                id=\"accordion-header-post-53493\"\r\n                role=\"button\"\r\n                aria-expanded=\"false\"\r\n                aria-controls=\"accordion-content-post-53493\"\r\n                data-id=\"post-53493\" \r\n                data-item=\"hfaq-post-53493\" \r\n                style=\"background:transparent;\" \r\n                data-tags=\"\"\r\n                tabindex=\"0\"><div class=\"accordion__title\">\u00bfEn que muncipalidad pagar?<\/div><\/div><div id=\"accordion-content-post-53493\" \r\n                class=\"accordion__body\" \r\n                role=\"region\"\r\n                aria-labelledby=\"accordion-header-post-53493\"\r\n                style=\"background:transparent;\"><h6>Es importante tener en cuenta que los dineros recaudados por concepto de Permisos de Circulaci\u00f3n, son incorporados a los fondos de inversi\u00f3n de cada Municipio, por lo que usted puede elegir ayudar a Molina pagando ac\u00e1.<\/h6>\n<\/div><\/li><li class=\"accordion__item \"><div class=\"accordion__header \" \r\n                id=\"accordion-header-post-53494\"\r\n                role=\"button\"\r\n                aria-expanded=\"false\"\r\n                aria-controls=\"accordion-content-post-53494\"\r\n                data-id=\"post-53494\" \r\n                data-item=\"hfaq-post-53494\" \r\n                style=\"background:transparent;\" \r\n                data-tags=\"\"\r\n                tabindex=\"0\"><div class=\"accordion__title\">\u00bfSe puede pagar en cuotas?<\/div><\/div><div id=\"accordion-content-post-53494\" \r\n                class=\"accordion__body\" \r\n                role=\"region\"\r\n                aria-labelledby=\"accordion-header-post-53494\"\r\n                style=\"background:transparent;\"><h6>El Permiso puede ser cancelado en\u00a0<b>efectivo, a trav\u00e9s de tarjetas de d\u00e9bito, tarjetas de cr\u00e9dito, cheque al d\u00eda o por un sistema de dos cuotas<\/b>\u00a0(Al momento de pagar el Permiso de Circulaci\u00f3n en la Caja Municipal no podr\u00e1 dividirse el monto para ser pagado con diferentes medios de pagos, por ejemplo, usted no podr\u00e1 pagar una parte en efectivo y otra con tarjeta de cr\u00e9dito, el pago s\u00f3lo se podr\u00eda realizar con un medio de pago mencionado anteriormente).<b>Para autom\u00f3viles<\/b>, la primera cuota se paga hasta el 31 de marzo, equivalente el 50%, y la otra hasta el 31 de agosto del mismo a\u00f1o.Este beneficio ser\u00e1 s\u00f3lo para quienes no tengan deudas. Para certificar que efectivamente pag\u00f3, la Municipalidad en la que llev\u00f3 a cabo el pago le entregar\u00e1 un documento aclarando que el Permiso fue cancelado, las dos cuotas deben pagarse en la misma Municipalidad.<b>\u00a0En el caso de autos comprados entre el 1 de septiembre y el 31 de marzo<\/b>\u00a0se deber\u00e1 pagar en una sola cuota.<\/h6>\n<\/div><\/li><li class=\"accordion__item \"><div class=\"accordion__header \" \r\n                id=\"accordion-header-post-53495\"\r\n                role=\"button\"\r\n                aria-expanded=\"false\"\r\n                aria-controls=\"accordion-content-post-53495\"\r\n                data-id=\"post-53495\" \r\n                data-item=\"hfaq-post-53495\" \r\n                style=\"background:transparent;\" \r\n                data-tags=\"\"\r\n                tabindex=\"0\"><div class=\"accordion__title\">\u00bfdonde debo pagar si lo hago en dos cuotas?<\/div><\/div><div id=\"accordion-content-post-53495\" \r\n                class=\"accordion__body\" \r\n                role=\"region\"\r\n                aria-labelledby=\"accordion-header-post-53495\"\r\n                style=\"background:transparent;\"><div class=\"panel\">\n<h6>En el Departamento de Tr\u00e1nsito de la Municipalidad donde se obtuvo el permiso.<\/h6>\n<\/div>\n<\/div><\/li><li class=\"accordion__item \"><div class=\"accordion__header \" \r\n                id=\"accordion-header-post-53496\"\r\n                role=\"button\"\r\n                aria-expanded=\"false\"\r\n                aria-controls=\"accordion-content-post-53496\"\r\n                data-id=\"post-53496\" \r\n                data-item=\"hfaq-post-53496\" \r\n                style=\"background:transparent;\" \r\n                data-tags=\"\"\r\n                tabindex=\"0\"><div class=\"accordion__title\">\u00bfQu\u00e9 pasa si me atraso en la segunda cuota?<\/div><\/div><div id=\"accordion-content-post-53496\" \r\n                class=\"accordion__body\" \r\n                role=\"region\"\r\n                aria-labelledby=\"accordion-header-post-53496\"\r\n                style=\"background:transparent;\"><h6>En el caso de ser sorprendido sin haber pagado la segunda cuota del Permiso de Circulaci\u00f3n, se expone a una multa de hasta el 35% del valor que ten\u00eda que pagar y a una Infracci\u00f3n Grave que le cursar\u00e1 Carabineros, pudiendo ser esta de 1 a 1,5 UTM.<\/h6>\n<\/div><\/li><li class=\"accordion__item \"><div class=\"accordion__header \" \r\n                id=\"accordion-header-post-53497\"\r\n                role=\"button\"\r\n                aria-expanded=\"false\"\r\n                aria-controls=\"accordion-content-post-53497\"\r\n                data-id=\"post-53497\" \r\n                data-item=\"hfaq-post-53497\" \r\n                style=\"background:transparent;\" \r\n                data-tags=\"\"\r\n                tabindex=\"0\"><div class=\"accordion__title\">\u00bfCu\u00e1nto hay que pagar por un permiso de circulaci\u00f3n?<\/div><\/div><div id=\"accordion-content-post-53497\" \r\n                class=\"accordion__body\" \r\n                role=\"region\"\r\n                aria-labelledby=\"accordion-header-post-53497\"\r\n                style=\"background:transparent;\"><h6>Seg\u00fan la Ley de Rentas Municipales el valor de los Permisos de Circulaci\u00f3n se establece en relaci\u00f3n con el valor del precio del veh\u00edculo. En todo caso, cada a\u00f1o el Servicio de Impuestos Internos (SII) hace una tasaci\u00f3n oficial de los autom\u00f3viles, que es la base para determinar el valor de cada permiso. El SII elabora una lista de las distintas marcas y modelos de veh\u00edculos motorizados, clasificados de acuerdo al a\u00f1o de fabricaci\u00f3n y con indicaci\u00f3n, en cada caso, del precio vigente a la fecha. Esas tasaciones se publican en el Diario Oficial o en alg\u00fan otro diario de circulaci\u00f3n Nacional y en la p\u00e1gina web del SII, dentro de la primera quincena de enero de cada a\u00f1o.<\/h6>\n<\/div><\/li><li class=\"accordion__item \"><div class=\"accordion__header \" \r\n                id=\"accordion-header-post-53498\"\r\n                role=\"button\"\r\n                aria-expanded=\"false\"\r\n                aria-controls=\"accordion-content-post-53498\"\r\n                data-id=\"post-53498\" \r\n                data-item=\"hfaq-post-53498\" \r\n                style=\"background:transparent;\" \r\n                data-tags=\"\"\r\n                tabindex=\"0\"><div class=\"accordion__title\">\u00bfHay que presentar alg\u00fan documento para hacer el pago?<\/div><\/div><div id=\"accordion-content-post-53498\" \r\n                class=\"accordion__body\" \r\n                role=\"region\"\r\n                aria-labelledby=\"accordion-header-post-53498\"\r\n                style=\"background:transparent;\"><h6>S\u00ed, la copia de la Revisi\u00f3n T\u00e9cnica aprobada, seguro automotor vigente y Permiso de Circulaci\u00f3n anterior en el caso de un veh\u00edculo antiguo. Para un veh\u00edculo nuevo, debe llevar una copia de la factura, Revisi\u00f3n T\u00e9cnica o Certificado de homologaci\u00f3n, an\u00e1lisis de gases, seguro obligatorio, la inscripci\u00f3n en el Registro Civil y encontrarse acogido a lo dispuesto en el Decreto N.\u00ba 211 de 1991, que establece las normas de emisiones contaminantes de veh\u00edculos livianos.<\/h6>\n<\/div><\/li><li class=\"accordion__item \"><div class=\"accordion__header \" \r\n                id=\"accordion-header-post-53499\"\r\n                role=\"button\"\r\n                aria-expanded=\"false\"\r\n                aria-controls=\"accordion-content-post-53499\"\r\n                data-id=\"post-53499\" \r\n                data-item=\"hfaq-post-53499\" \r\n                style=\"background:transparent;\" \r\n                data-tags=\"\"\r\n                tabindex=\"0\"><div class=\"accordion__title\">\u00bfPuedo pagar el permiso en una comuna distinta a donde he pagado en a\u00f1os anteriores?<\/div><\/div><div id=\"accordion-content-post-53499\" \r\n                class=\"accordion__body\" \r\n                role=\"region\"\r\n                aria-labelledby=\"accordion-header-post-53499\"\r\n                style=\"background:transparent;\"><h6>S\u00ed. Debe ir hasta la Municipalidad a la cual desea cambiarse y pedir una solicitud de traslado de Permiso de Circulaci\u00f3n, la cual debe llenar con sus datos y los de su veh\u00edculo.<\/h6>\n<\/div><\/li><li class=\"accordion__item \"><div class=\"accordion__header \" \r\n                id=\"accordion-header-post-53500\"\r\n                role=\"button\"\r\n                aria-expanded=\"false\"\r\n                aria-controls=\"accordion-content-post-53500\"\r\n                data-id=\"post-53500\" \r\n                data-item=\"hfaq-post-53500\" \r\n                style=\"background:transparent;\" \r\n                data-tags=\"\"\r\n                tabindex=\"0\"><div class=\"accordion__title\">\u00bfPuedo pagar el permiso de circulaci\u00f3n si tengo una multa de tr\u00e1nsito impaga?<\/div><\/div><div id=\"accordion-content-post-53500\" \r\n                class=\"accordion__body\" \r\n                role=\"region\"\r\n                aria-labelledby=\"accordion-header-post-53500\"\r\n                style=\"background:transparent;\"><div class=\"panel\">\n<p>No, no podr\u00e1 renovar el Permiso hasta haberla cancelado. El pago se puede realizar en la Tesorer\u00eda Municipal donde le sacaron el parte.<\/p>\n<\/div>\n<\/div><\/li><li class=\"accordion__item \"><div class=\"accordion__header \" \r\n                id=\"accordion-header-post-53501\"\r\n                role=\"button\"\r\n                aria-expanded=\"false\"\r\n                aria-controls=\"accordion-content-post-53501\"\r\n                data-id=\"post-53501\" \r\n                data-item=\"hfaq-post-53501\" \r\n                style=\"background:transparent;\" \r\n                data-tags=\"\"\r\n                tabindex=\"0\"><div class=\"accordion__title\">\u00bfC\u00f3mo pago el permiso de circulaci\u00f3n si compro un auto nuevo despu\u00e9s de marzo?<\/div><\/div><div id=\"accordion-content-post-53501\" \r\n                class=\"accordion__body\" \r\n                role=\"region\"\r\n                aria-labelledby=\"accordion-header-post-53501\"\r\n                style=\"background:transparent;\"><h6>Una vez que inscribi\u00f3 el veh\u00edculo en el Registro Civil, debe pagar el Permiso de Circulaci\u00f3n en la Municipalidad de su elecci\u00f3n. El monto del Permiso es proporcional a la cantidad de meses que restan para el pr\u00f3ximo per\u00edodo<\/h6>\n<\/div><\/li><li class=\"accordion__item \"><div class=\"accordion__header \" \r\n                id=\"accordion-header-post-53502\"\r\n                role=\"button\"\r\n                aria-expanded=\"false\"\r\n                aria-controls=\"accordion-content-post-53502\"\r\n                data-id=\"post-53502\" \r\n                data-item=\"hfaq-post-53502\" \r\n                style=\"background:transparent;\" \r\n                data-tags=\"\"\r\n                tabindex=\"0\"><div class=\"accordion__title\">\u00bfQu\u00e9 debo hacer cuando mi veh\u00edculo no va a circular durante el a\u00f1o?<\/div><\/div><div id=\"accordion-content-post-53502\" \r\n                class=\"accordion__body\" \r\n                role=\"region\"\r\n                aria-labelledby=\"accordion-header-post-53502\"\r\n                style=\"background:transparent;\"><p>Si por cualquier motivo el\u00a0<b>veh\u00edculo no ha circulado o no va a circular durante todo el a\u00f1o\u00a0<\/b>, debe presentar una\u00a0<b>declaraci\u00f3n jurada simple\u00a0<\/b>indicando el motivo, pagando un peque\u00f1o derecho Municipal. El plazo es hasta el\u00a0<b>30 de noviembre<\/b>\u00a0de cada a\u00f1o.<br \/>\n<b>Documento:<\/b>\u00a0<a class=\"a1\" role=\"noopener\" href=\"https:\/\/web.molina.cl\/wp-content\/uploads\/2021\/12\/Declaracion-vehiculos-fuera-de-circulacion-Molina.pdf\" target=\"\" rel=\"noopener\">DECLARACI\u00d3N JURADA SIMPLE Veh\u00edculo fuera de circulaci\u00f3n<\/a><\/p>\n<p>\u00a0<\/p>\n<p>\u00a0<\/p>\n<p>\u00a0<\/p>\n<\/div><\/li><\/ul><\/div><\/div><\/article><\/section>\n\n\n\n<div class=\"wp-block-buttons is-content-justification-right is-layout-flex wp-block-buttons-is-layout-flex\">\n<div class=\"wp-block-button has-custom-width wp-block-button__width-25 has-custom-font-size is-style-shadow has-regular-font-size\"><a class=\"wp-block-button__link has-white-color has-text-color has-background\" href=\"https:\/\/web.molina.cl\/?page_id=53412\" style=\"border-radius:50px;background-color:#ff3259\">Volver<\/a><\/div>\n<\/div>\n\n\n\n<p><\/p>\n","protected":false},"excerpt":{"rendered":"<p>El Departamento de Permisos de Circulaci\u00f3n&nbsp;tiene por finalidad el otorgamiento de los Permisos de Circulaci\u00f3n a los veh\u00edculos de acuerdo con la Legislaci\u00f3n vigente en la Naci\u00f3n. Sus funciones principalmente es encargarse del otorgamiento y renovaci\u00f3n de los Permisos de Circulaci\u00f3n a los veh\u00edculos de los vecinos de la comunidad. Tel\u00e9fono:&nbsp;752760754Departamento de Permisos de Circulaci\u00f3n:&nbsp;Quechereguas [&hellip;]<\/p>\n","protected":false},"author":7,"featured_media":0,"parent":53412,"menu_order":0,"comment_status":"closed","ping_status":"closed","template":"","meta":{"footnotes":""},"_links":{"self":[{"href":"https:\/\/web.molina.cl\/index.php?rest_route=\/wp\/v2\/pages\/53503"}],"collection":[{"href":"https:\/\/web.molina.cl\/index.php?rest_route=\/wp\/v2\/pages"}],"about":[{"href":"https:\/\/web.molina.cl\/index.php?rest_route=\/wp\/v2\/types\/page"}],"author":[{"embeddable":true,"href":"https:\/\/web.molina.cl\/index.php?rest_route=\/wp\/v2\/users\/7"}],"replies":[{"embeddable":true,"href":"https:\/\/web.molina.cl\/index.php?rest_route=%2Fwp%2Fv2%2Fcomments&post=53503"}],"version-history":[{"count":4,"href":"https:\/\/web.molina.cl\/index.php?rest_route=\/wp\/v2\/pages\/53503\/revisions"}],"predecessor-version":[{"id":54586,"href":"https:\/\/web.molina.cl\/index.php?rest_route=\/wp\/v2\/pages\/53503\/revisions\/54586"}],"up":[{"embeddable":true,"href":"https:\/\/web.molina.cl\/index.php?rest_route=\/wp\/v2\/pages\/53412"}],"wp:attachment":[{"href":"https:\/\/web.molina.cl\/index.php?rest_route=%2Fwp%2Fv2%2Fmedia&parent=53503"}],"curies":[{"name":"wp","href":"https:\/\/api.w.org\/{rel}","templated":true}]}}