{"id":53460,"date":"2022-10-03T09:11:54","date_gmt":"2022-10-03T13:11:54","guid":{"rendered":"https:\/\/web.molina.cl\/?page_id=53460"},"modified":"2024-11-05T14:35:59","modified_gmt":"2024-11-05T18:35:59","slug":"material-de-estudio","status":"publish","type":"page","link":"https:\/\/web.molina.cl\/?page_id=53460","title":{"rendered":"Material de Estudio"},"content":{"rendered":"\n<p><p align=\"justify\">Se dispone del\u00a0<strong>Material de Estudio\u00a0<\/strong>para la comunidad, con el fin de una mejor preparaci\u00f3n al momento de rendir los distintos ex\u00e1menes para la\u00a0<strong>obtenci\u00f3n y renovaci\u00f3n\u00a0<\/strong>de los distintos tipos de Licencias de Conducir.<\/p><\/p>\n\n\n<div class=\"wp-block-image\">\n<figure class=\"aligncenter size-full is-resized td-caption-align-center\"><img loading=\"lazy\" decoding=\"async\" width=\"628\" height=\"1280\" src=\"https:\/\/web.molina.cl\/wp-content\/uploads\/2024\/11\/WhatsApp-Image-2024-11-05-at-3.31.32-PM.jpeg\" alt=\"\" class=\"wp-image-68048\" style=\"object-fit:contain;width:350px;height:350px\" srcset=\"https:\/\/web.molina.cl\/wp-content\/uploads\/2024\/11\/WhatsApp-Image-2024-11-05-at-3.31.32-PM.jpeg 628w, https:\/\/web.molina.cl\/wp-content\/uploads\/2024\/11\/WhatsApp-Image-2024-11-05-at-3.31.32-PM-147x300.jpeg 147w, https:\/\/web.molina.cl\/wp-content\/uploads\/2024\/11\/WhatsApp-Image-2024-11-05-at-3.31.32-PM-502x1024.jpeg 502w, https:\/\/web.molina.cl\/wp-content\/uploads\/2024\/11\/WhatsApp-Image-2024-11-05-at-3.31.32-PM-206x420.jpeg 206w\" sizes=\"(max-width: 628px) 100vw, 628px\" \/><\/figure><\/div>\n\n<style type=\"text\/css\"><\/style><section id='' \n                class='helpie-faq accordions faq-toggle groupSettings-3392__enabled' \n                data-collection='' \n                data-pagination='0' \n                data-search='0' \n                data-pagination-enabled='0'\n                role='region'\n                aria-label='FAQ Section'\n                aria-live='polite'><article class=\"accordion \"><div class='helpie-faq-row'><div class='helpie-faq-col helpie-faq-col-12' ><ul><li class=\"accordion__item \"><div class=\"accordion__header \" \r\n                id=\"accordion-header-post-53463\"\r\n                role=\"button\"\r\n                aria-expanded=\"false\"\r\n                aria-controls=\"accordion-content-post-53463\"\r\n                data-id=\"post-53463\" \r\n                data-item=\"hfaq-post-53463\" \r\n                style=\"background:transparent;\" \r\n                data-tags=\"\"\r\n                tabindex=\"0\"><div class=\"accordion__title\">Licencia Clase B<\/div><\/div><div id=\"accordion-content-post-53463\" \r\n                class=\"accordion__body\" \r\n                role=\"region\"\r\n                aria-labelledby=\"accordion-header-post-53463\"\r\n                style=\"background:transparent;\"><p><strong>M\u00e1s Informaci\u00f3n Licencia Clase B<\/strong><br \/>\n<a class=\"a1\" href=\"https:\/\/mejoresconductores.conaset.cl\/#\/LicenciaClaseB\" target=\"_blank\" rel=\"noopener\">Licencia Clase B<\/a><\/p>\n<\/div><\/li><li class=\"accordion__item \"><div class=\"accordion__header \" \r\n                id=\"accordion-header-post-53464\"\r\n                role=\"button\"\r\n                aria-expanded=\"false\"\r\n                aria-controls=\"accordion-content-post-53464\"\r\n                data-id=\"post-53464\" \r\n                data-item=\"hfaq-post-53464\" \r\n                style=\"background:transparent;\" \r\n                data-tags=\"\"\r\n                tabindex=\"0\"><div class=\"accordion__title\">Licencia Clase C<\/div><\/div><div id=\"accordion-content-post-53464\" \r\n                class=\"accordion__body\" \r\n                role=\"region\"\r\n                aria-labelledby=\"accordion-header-post-53464\"\r\n                style=\"background:transparent;\"><p><strong>Licencia Clase C:\u00a0<\/strong><br \/>\n<a class=\"a1\" href=\"https:\/\/mejoresconductores.conaset.cl\/#\/LicenciaClaseC\" target=\"_blank\" rel=\"noopener\">Licencia Clase C<\/a><\/p>\n<\/div><\/li><li class=\"accordion__item \"><div class=\"accordion__header \" \r\n                id=\"accordion-header-post-53465\"\r\n                role=\"button\"\r\n                aria-expanded=\"false\"\r\n                aria-controls=\"accordion-content-post-53465\"\r\n                data-id=\"post-53465\" \r\n                data-item=\"hfaq-post-53465\" \r\n                style=\"background:transparent;\" \r\n                data-tags=\"\"\r\n                tabindex=\"0\"><div class=\"accordion__title\">Licencia Clase A<\/div><\/div><div id=\"accordion-content-post-53465\" \r\n                class=\"accordion__body\" \r\n                role=\"region\"\r\n                aria-labelledby=\"accordion-header-post-53465\"\r\n                style=\"background:transparent;\"><p><strong>Licencia Clase A:\u00a0<\/strong><br \/>\n<a class=\"a1\" href=\"https:\/\/drive.google.com\/file\/d\/1hYuin2YQnxoanCHtbzhtT3Ypst6OcsfG\/view?usp=sharing\" target=\"_blank\" rel=\"noopener\">Licencias Clase A<\/a><br \/>\n<strong>M\u00e1s Informaci\u00f3n Licencias Clase A:<\/strong><br \/>\n<a class=\"a1\" href=\"https:\/\/mejoresconductores.conaset.cl\/#\/LicenciaClaseA1\" target=\"_blank\" rel=\"noopener\">Licencias Clase A1<\/a><br \/>\n<a class=\"a1\" href=\"https:\/\/mejoresconductores.conaset.cl\/#\/LicenciaClaseA2\" target=\"_blank\" rel=\"noopener\">Licencias Clase A2<\/a><br \/>\n<a class=\"a1\" href=\"https:\/\/mejoresconductores.conaset.cl\/#\/LicenciaClaseA3\" target=\"_blank\" rel=\"noopener\">Licencias Clase A3<\/a><br \/>\n<a class=\"a1\" href=\"https:\/\/mejoresconductores.conaset.cl\/#\/LicenciaClaseA4\" target=\"_blank\" rel=\"noopener\">Licencias Clase A4<\/a><br \/>\n<a class=\"a1\" href=\"https:\/\/mejoresconductores.conaset.cl\/#\/LicenciaClaseA5\" target=\"_blank\" rel=\"noopener\">Licencias Clase A5<\/a><\/p>\n<\/div><\/li><li class=\"accordion__item \"><div class=\"accordion__header \" \r\n                id=\"accordion-header-post-53466\"\r\n                role=\"button\"\r\n                aria-expanded=\"false\"\r\n                aria-controls=\"accordion-content-post-53466\"\r\n                data-id=\"post-53466\" \r\n                data-item=\"hfaq-post-53466\" \r\n                style=\"background:transparent;\" \r\n                data-tags=\"\"\r\n                tabindex=\"0\"><div class=\"accordion__title\">Licencia Clase D y E<\/div><\/div><div id=\"accordion-content-post-53466\" \r\n                class=\"accordion__body\" \r\n                role=\"region\"\r\n                aria-labelledby=\"accordion-header-post-53466\"\r\n                style=\"background:transparent;\"><p><strong>Licencia Clase D y E:\u00a0<\/strong><br \/>\n<a class=\"a1\" href=\"https:\/\/www.conaset.cl\/wp-content\/uploads\/2016\/01\/cuestionario-examen-teorico-A1-A2-D-E-enero2016.pdf\" target=\"_blank\" rel=\"noopener\">Licencias Clase D y E<\/a><br \/>\n<strong>M\u00e1s Informaci\u00f3n Licencias Clase D y E:<\/strong><br \/>\n<a class=\"a1\" href=\"https:\/\/mejoresconductores.conaset.cl\/#\/LicenciaClaseD\" target=\"_blank\" rel=\"noopener\">Licencias Clase D<\/a><br \/>\n<a class=\"a1\" href=\"https:\/\/mejoresconductores.conaset.cl\/#\/LicenciaClaseE\" target=\"_blank\" rel=\"noopener\">Licencias Clase E<\/a><\/p>\n<\/div><\/li><li class=\"accordion__item \"><div class=\"accordion__header \" \r\n                id=\"accordion-header-post-53467\"\r\n                role=\"button\"\r\n                aria-expanded=\"false\"\r\n                aria-controls=\"accordion-content-post-53467\"\r\n                data-id=\"post-53467\" \r\n                data-item=\"hfaq-post-53467\" \r\n                style=\"background:transparent;\" \r\n                data-tags=\"\"\r\n                tabindex=\"0\"><div class=\"accordion__title\">Licencia Clase A1 y A2 (Antiguas)<\/div><\/div><div id=\"accordion-content-post-53467\" \r\n                class=\"accordion__body\" \r\n                role=\"region\"\r\n                aria-labelledby=\"accordion-header-post-53467\"\r\n                style=\"background:transparent;\"><p><strong>Licencia Clase A1 y A2 (Antiguas):\u00a0<\/strong><br \/>\n<a class=\"a1\" href=\"https:\/\/www.conaset.cl\/wp-content\/uploads\/2016\/01\/cuestionario-examen-teorico-A1-A2-D-E-enero2016.pdf\" target=\"_blank\" rel=\"noopener\">Licencias Clase A1 y A2(Antiguas)<\/a><br \/>\n<strong>M\u00e1s Informaci\u00f3n Licencias Clase A1 y A2(Antiguas) :<\/strong><br \/>\n<a class=\"a1\" href=\"https:\/\/mejoresconductores.conaset.cl\/licenciaClaseA1A2\" target=\"_blank\" rel=\"noopener\">Licencias Clase A1 y A2(Antiguas)<\/a><\/p>\n<\/div><\/li><li class=\"accordion__item \"><div class=\"accordion__header \" \r\n                id=\"accordion-header-post-53468\"\r\n                role=\"button\"\r\n                aria-expanded=\"false\"\r\n                aria-controls=\"accordion-content-post-53468\"\r\n                data-id=\"post-53468\" \r\n                data-item=\"hfaq-post-53468\" \r\n                style=\"background:transparent;\" \r\n                data-tags=\"\"\r\n                tabindex=\"0\"><div class=\"accordion__title\">Videos Relacionados<\/div><\/div><div id=\"accordion-content-post-53468\" \r\n                class=\"accordion__body\" \r\n                role=\"region\"\r\n                aria-labelledby=\"accordion-header-post-53468\"\r\n                style=\"background:transparent;\"><p><strong>Videos Relacionados\u00a0<\/strong><br \/>\n<a class=\"a1\" href=\"https:\/\/www.youtube.com\/playlist?list=PLk1Ue6zDAgXIuETtN9gCP5vEU_FFIfNFx\" target=\"_blank\" rel=\"noopener\">Videos Relacionados<\/a><\/p>\n<\/div><\/li><li class=\"accordion__item \"><div class=\"accordion__header \" \r\n                id=\"accordion-header-post-53469\"\r\n                role=\"button\"\r\n                aria-expanded=\"false\"\r\n                aria-controls=\"accordion-content-post-53469\"\r\n                data-id=\"post-53469\" \r\n                data-item=\"hfaq-post-53469\" \r\n                style=\"background:transparent;\" \r\n                data-tags=\"\"\r\n                tabindex=\"0\"><div class=\"accordion__title\">Informaci\u00f3n sobre Escuela de Conductores<\/div><\/div><div id=\"accordion-content-post-53469\" \r\n                class=\"accordion__body\" \r\n                role=\"region\"\r\n                aria-labelledby=\"accordion-header-post-53469\"\r\n                style=\"background:transparent;\"><p><strong>Escuela de Conductores:\u00a0<\/strong><br \/>\n<a class=\"a1\" href=\"https:\/\/usuarios.subtrans.gob.cl\/escuelas-de-conductores-no-profesionales.html\" target=\"_blank\" rel=\"noopener\">Informaci\u00f3n sobre Escuela de Conductores no Profesional (Licencias Clase B y C )<\/a><br \/>\n<a class=\"a1\" href=\"https:\/\/usuarios.subtrans.gob.cl\/escuelas-de-conductores-profesionales.html\" target=\"_blank\" rel=\"noopener\">Informaci\u00f3n sobre Escuela de Conductores Profesional (Licencias Clase A1,A2,A3,A4,A5)<\/a><\/p>\n<p><strong>Informaci\u00f3n sobre Escuela de Conductores en la comuna\u00a0:<\/strong><br \/>\nProximamente.<\/p>\n<\/div><\/li><\/ul><\/div><\/div><\/article><\/section>\n\n\n\n\n\n<figure class=\"wp-block-table\"><table><tbody><tr><th>Indicaciones<\/th><\/tr><tr><td>Inicio Direcci\u00f3n de Tr\u00e1nsito y Transporte P\u00fablico (Quechereguas N\u00b0 1647).<\/td><\/tr><tr><td>Dir\u00edgete hacia el suroeste en Calle Quechereguas hacia Calle Membrillar.<\/td><\/tr><tr><td>Gira a la izquierda en la 1.\u00aa bocacalle hacia Calle Membrillar.<\/td><\/tr><tr><td>Avanza hasta la intersecci\u00f3n con Calle Igualdad.<\/td><\/tr><tr><td>Gira a la derecha hacia Calle Igualdad.<\/td><\/tr><tr><td>Avanza hasta la intersecci\u00f3n con Cam. A Agua Fr\u00eda.<\/td><\/tr><tr><td>Gira a la derecha hacia Cam. A Agua Fr\u00eda.<\/td><\/tr><tr><td>Avanza hasta la intersecci\u00f3n con Calle Maip\u00fa.<\/td><\/tr><tr><td>Gira a la izquierda en la 1.\u00aa bocacalle hacia Calle Maip\u00fa.<\/td><\/tr><tr><td>Avanza hasta la intersecci\u00f3n con Teniente Bergu\u00f1o.<\/td><\/tr><tr><td>Gira a la derecha hacia Calle Teniente Bergu\u00f1o.<\/td><\/tr><tr><td>Avanza hasta la intersecci\u00f3n con Calle Quechereguas.<\/td><\/tr><tr><td>Gira a la derecha hacia Calle Quechereguas.<\/td><\/tr><tr><td>Avanza hasta la intersecci\u00f3n con Avenida Sur.<\/td><\/tr><tr><td>Gira a la izquierda hacia Avenida Sur.<\/td><\/tr><tr><td>Avanza hasta la intersecci\u00f3n con Avenida Poniente.<\/td><\/tr><tr><td>Gira a la derecha hacia Avenida Poniente.<\/td><\/tr><tr><td>Avanza hasta la intersecci\u00f3n con Avenida Pastor Armando Garrido.<\/td><\/tr><tr><td>Gira a la derecha hacia Avenida Pastor Armando Garrido.<\/td><\/tr><tr><td>Avanza hasta la intersecci\u00f3n con Calle Quechereguas.<\/td><\/tr><tr><td>Gira a la derecha en la 2.\u00aa bocacalle hacia Calle Quechereguas.<\/td><\/tr><tr><td>Fin de la ruta Direcci\u00f3n de Tr\u00e1nsito y Transporte P\u00fablico (Quechereguas N\u00b0 1647).<\/td><\/tr><\/tbody><\/table><\/figure>\n\n\n\n<figure class=\"wp-block-image size-large is-resized td-caption-align-https:\/\/web.molina.cl\/wp-content\/uploads\/2024\/01\/Captura-de-pantalla-2024-01-18-093339.png\"><img loading=\"lazy\" decoding=\"async\" width=\"1024\" height=\"538\" src=\"https:\/\/web.molina.cl\/wp-content\/uploads\/2024\/01\/Captura-de-pantalla-2024-01-18-093339-1024x538.png\" alt=\"\" class=\"wp-image-62285\" style=\"width:699px;height:368px\" srcset=\"https:\/\/web.molina.cl\/wp-content\/uploads\/2024\/01\/Captura-de-pantalla-2024-01-18-093339-1024x538.png 1024w, https:\/\/web.molina.cl\/wp-content\/uploads\/2024\/01\/Captura-de-pantalla-2024-01-18-093339-300x158.png 300w, https:\/\/web.molina.cl\/wp-content\/uploads\/2024\/01\/Captura-de-pantalla-2024-01-18-093339-768x404.png 768w, https:\/\/web.molina.cl\/wp-content\/uploads\/2024\/01\/Captura-de-pantalla-2024-01-18-093339-696x366.png 696w, https:\/\/web.molina.cl\/wp-content\/uploads\/2024\/01\/Captura-de-pantalla-2024-01-18-093339-1068x562.png 1068w, https:\/\/web.molina.cl\/wp-content\/uploads\/2024\/01\/Captura-de-pantalla-2024-01-18-093339-799x420.png 799w, https:\/\/web.molina.cl\/wp-content\/uploads\/2024\/01\/Captura-de-pantalla-2024-01-18-093339.png 1261w\" sizes=\"(max-width: 1024px) 100vw, 1024px\" \/><\/figure>\n\n\n\n<div class=\"wp-block-buttons is-content-justification-right is-layout-flex wp-block-buttons-is-layout-flex\">\n<div class=\"wp-block-button has-custom-width wp-block-button__width-25 has-custom-font-size is-style-shadow has-regular-font-size\"><a class=\"wp-block-button__link has-white-color has-text-color has-background\" href=\"https:\/\/web.molina.cl\/?page_id=53412\" style=\"border-radius:50px;background-color:#ff3952\">Volver<\/a><\/div>\n<\/div>\n\n\n\n<p><\/p>\n\n\n\n<p><\/p>\n\n\n\n<p><\/p>\n\n\n\n<p><\/p>\n","protected":false},"excerpt":{"rendered":"<p>Se dispone del\u00a0Material de Estudio\u00a0para la comunidad, con el fin de una mejor preparaci\u00f3n al momento de rendir los distintos ex\u00e1menes para la\u00a0obtenci\u00f3n y renovaci\u00f3n\u00a0de los distintos tipos de Licencias de Conducir. Indicaciones Inicio Direcci\u00f3n de Tr\u00e1nsito y Transporte P\u00fablico (Quechereguas N\u00b0 1647). Dir\u00edgete hacia el suroeste en Calle Quechereguas hacia Calle Membrillar. Gira a [&hellip;]<\/p>\n","protected":false},"author":7,"featured_media":0,"parent":0,"menu_order":0,"comment_status":"closed","ping_status":"closed","template":"","meta":{"footnotes":""},"_links":{"self":[{"href":"https:\/\/web.molina.cl\/index.php?rest_route=\/wp\/v2\/pages\/53460"}],"collection":[{"href":"https:\/\/web.molina.cl\/index.php?rest_route=\/wp\/v2\/pages"}],"about":[{"href":"https:\/\/web.molina.cl\/index.php?rest_route=\/wp\/v2\/types\/page"}],"author":[{"embeddable":true,"href":"https:\/\/web.molina.cl\/index.php?rest_route=\/wp\/v2\/users\/7"}],"replies":[{"embeddable":true,"href":"https:\/\/web.molina.cl\/index.php?rest_route=%2Fwp%2Fv2%2Fcomments&post=53460"}],"version-history":[{"count":15,"href":"https:\/\/web.molina.cl\/index.php?rest_route=\/wp\/v2\/pages\/53460\/revisions"}],"predecessor-version":[{"id":68049,"href":"https:\/\/web.molina.cl\/index.php?rest_route=\/wp\/v2\/pages\/53460\/revisions\/68049"}],"wp:attachment":[{"href":"https:\/\/web.molina.cl\/index.php?rest_route=%2Fwp%2Fv2%2Fmedia&parent=53460"}],"curies":[{"name":"wp","href":"https:\/\/api.w.org\/{rel}","templated":true}]}}