{"id":44495,"date":"2021-03-31T08:10:05","date_gmt":"2021-03-31T12:10:05","guid":{"rendered":"http:\/\/web.molina.cl\/?page_id=44495"},"modified":"2021-03-31T08:58:16","modified_gmt":"2021-03-31T12:58:16","slug":"plan-de-desarrollo-comunal-2020-2024","status":"publish","type":"page","link":"https:\/\/web.molina.cl\/?page_id=44495","title":{"rendered":"Plan de Desarrollo Comunal 2020 &#8211; 2024"},"content":{"rendered":"\n<p><p align=\"justify\">El presente documento considera el desarrollo del proceso de planificaci\u00f3n comunal en un horizonte al 2024, el cual incluye el diagn\u00f3stico de la comuna de Molina tanto desde el punto de vista cuantitativo (informaci\u00f3n secundaria), como cualitativo (informaci\u00f3n primaria), la actualizaci\u00f3n de la imagen objetivo y la definici\u00f3n de la cartera de proyectos respectiva.<\/p><\/p>\n\n\n\n<p><p align=\"justify\">En la primera parte, se presenta la informaci\u00f3n que se obtuvo de las fuentes oficiales que existen a nivel nacional, tales como MIDESO, SINIM, INE, BNC, entre otros, desde donde se extrajeron las principales estad\u00edsticas que dan cuenta del estado de la comuna en relaci\u00f3n con nivel regional y en algunas casos respecto de las comunas vecinas. Adicionalmente, se incluye la informaci\u00f3n provista por los respectivos departamentos municipales, la cual permite realizar un cruce con respecto a la percepci\u00f3n de la comunidad por la realidad de la comuna.<\/p><\/p>\n\n\n\n<p><p align=\"justify\">En la segunda parte, se incluy\u00f3 los resultados de la percepci\u00f3n de la comunidad organizada y no organizada, respecto de la realidad comunal, donde se logr\u00f3 un nivel de cobertura de 111 asistentes, considerando el total de los talleres realizados. En la misma l\u00ednea, a continuaci\u00f3n, se entreg\u00f3 el resultado de una consulta ciudadana que se puso a disposici\u00f3n de la comunidad en la p\u00e1gina web municipal, donde se logr\u00f3 un total de 216 personas que respondieron las preguntas.<\/p><\/p>\n\n\n\n<p><p align=\"justify\">Posteriormente, se estableci\u00f3 el apartado denominado an\u00e1lisis y complementaci\u00f3n global del diagn\u00f3stico, que consider\u00f3 el cruce de informaci\u00f3n primaria y secundaria lo que permiti\u00f3 contrastar ambas miradas de tal manera lograr un equilibrio entre ambas fuentes de informaci\u00f3n.<\/p><\/p>\n\n\n\n<p><p align=\"justify\">A continuaci\u00f3n, se presenta la imagen objetivo, la cual se construy\u00f3 considerando insumos provistos por la comunidad en la etapa anterior. Finalmente, se incluye la cartera de proyectos, que responde tanto a las brechas detectadas en el diagn\u00f3stico, como las necesidades de la comunidad, adem\u00e1s de la cartera de arrastre del propio municipio.<\/p><\/p>\n\n\n\n<div class=\"wp-block-file\"><a href=\"https:\/\/web.molina.cl\/wp-content\/uploads\/2021\/03\/PLADECO-MOLINA-2020-2024.pdf\">PLADECO MOLINA 2020-2024<\/a><a href=\"https:\/\/web.molina.cl\/wp-content\/uploads\/2021\/03\/PLADECO-MOLINA-2020-2024.pdf\" class=\"wp-block-file__button\" download>Descargar Aqu\u00ed<\/a><\/div>\n\n\n\n<figure class=\"wp-block-image size-large\"><a href=\"https:\/\/web.molina.cl\/wp-content\/uploads\/2021\/03\/PLADECO-MOLINA-2020-2024.pdf\" target=\"_blank\" rel=\"noopener\"><img loading=\"lazy\" decoding=\"async\" width=\"702\" height=\"621\" src=\"https:\/\/web.molina.cl\/wp-content\/uploads\/2021\/03\/grafica-pladeco-pagina-2021-2024.jpg\" alt=\"\" class=\"wp-image-44500\" srcset=\"https:\/\/web.molina.cl\/wp-content\/uploads\/2021\/03\/grafica-pladeco-pagina-2021-2024.jpg 702w, https:\/\/web.molina.cl\/wp-content\/uploads\/2021\/03\/grafica-pladeco-pagina-2021-2024-300x265.jpg 300w, https:\/\/web.molina.cl\/wp-content\/uploads\/2021\/03\/grafica-pladeco-pagina-2021-2024-696x616.jpg 696w, https:\/\/web.molina.cl\/wp-content\/uploads\/2021\/03\/grafica-pladeco-pagina-2021-2024-475x420.jpg 475w\" sizes=\"(max-width: 702px) 100vw, 702px\" \/><\/a><\/figure>\n\n\n\n<div class=\"wp-block-file\"><a href=\"https:\/\/web.molina.cl\/wp-content\/uploads\/2021\/03\/PLADECO-MOLINA-2020-2024.pdf\">PLADECO MOLINA 2020-2024<\/a><a href=\"https:\/\/web.molina.cl\/wp-content\/uploads\/2021\/03\/PLADECO-MOLINA-2020-2024.pdf\" class=\"wp-block-file__button\" download>Descargar Aqu\u00ed<\/a><\/div>\n\n\n\n<iframe loading=\"lazy\" src=\"https:\/\/www.facebook.com\/plugins\/like.php?href=https%3A%2F%2Fweb.molina.cl%2F%3Fpage_id%3D44495&#038;width=450&#038;layout=standard&#038;action=like&#038;size=small&#038;share=true&#038;height=35&#038;appId=274719199613326\" width=\"450\" height=\"35\" style=\"border:none;overflow:hidden\" scrolling=\"no\" frameborder=\"0\" allowfullscreen=\"true\" allow=\"autoplay; clipboard-write; encrypted-media; picture-in-picture; web-share\"><\/iframe>\n\n\n\n<p><\/p>\n","protected":false},"excerpt":{"rendered":"<p>El presente documento considera el desarrollo del proceso de planificaci\u00f3n comunal en un horizonte al 2024, el cual incluye el diagn\u00f3stico de la comuna de Molina tanto desde el punto de vista cuantitativo (informaci\u00f3n secundaria), como cualitativo (informaci\u00f3n primaria), la actualizaci\u00f3n de la imagen objetivo y la definici\u00f3n de la cartera de proyectos respectiva. En [&hellip;]<\/p>\n","protected":false},"author":1,"featured_media":44500,"parent":0,"menu_order":0,"comment_status":"closed","ping_status":"closed","template":"","meta":{"footnotes":""},"_links":{"self":[{"href":"https:\/\/web.molina.cl\/index.php?rest_route=\/wp\/v2\/pages\/44495"}],"collection":[{"href":"https:\/\/web.molina.cl\/index.php?rest_route=\/wp\/v2\/pages"}],"about":[{"href":"https:\/\/web.molina.cl\/index.php?rest_route=\/wp\/v2\/types\/page"}],"author":[{"embeddable":true,"href":"https:\/\/web.molina.cl\/index.php?rest_route=\/wp\/v2\/users\/1"}],"replies":[{"embeddable":true,"href":"https:\/\/web.molina.cl\/index.php?rest_route=%2Fwp%2Fv2%2Fcomments&post=44495"}],"version-history":[{"count":9,"href":"https:\/\/web.molina.cl\/index.php?rest_route=\/wp\/v2\/pages\/44495\/revisions"}],"predecessor-version":[{"id":44508,"href":"https:\/\/web.molina.cl\/index.php?rest_route=\/wp\/v2\/pages\/44495\/revisions\/44508"}],"wp:featuredmedia":[{"embeddable":true,"href":"https:\/\/web.molina.cl\/index.php?rest_route=\/wp\/v2\/media\/44500"}],"wp:attachment":[{"href":"https:\/\/web.molina.cl\/index.php?rest_route=%2Fwp%2Fv2%2Fmedia&parent=44495"}],"curies":[{"name":"wp","href":"https:\/\/api.w.org\/{rel}","templated":true}]}}