{"id":203,"date":"2015-03-30T14:21:05","date_gmt":"2015-03-30T14:21:05","guid":{"rendered":"http:\/\/localhost\/molina\/?page_id=203"},"modified":"2025-10-06T10:16:23","modified_gmt":"2025-10-06T14:16:23","slug":"direccion-de-administracion-y-finanzas","status":"publish","type":"page","link":"https:\/\/web.molina.cl\/?page_id=203","title":{"rendered":"Direcci\u00f3n de Administraci\u00f3n y Finanzas"},"content":{"rendered":"<p style=\"text-align: justify;\">La <strong>Direcci\u00f3n de Administraci\u00f3n y Finanzas<\/strong> tiene por objetivo optimizar el uso de los recursos financieros, mediante la administraci\u00f3n eficiente de la actividad financiera, contable y presupuestaria de la Municipalidad.<\/p>\n<p><img loading=\"lazy\" decoding=\"async\" class=\"alignnone size-medium wp-image-70677\" src=\"https:\/\/web.molina.cl\/wp-content\/uploads\/2025\/01\/Alejandro-Rojas-Pinto-300x200.jpeg\" alt=\"\" width=\"300\" height=\"200\" srcset=\"https:\/\/web.molina.cl\/wp-content\/uploads\/2025\/01\/Alejandro-Rojas-Pinto-300x200.jpeg 300w, https:\/\/web.molina.cl\/wp-content\/uploads\/2025\/01\/Alejandro-Rojas-Pinto-1024x683.jpeg 1024w, https:\/\/web.molina.cl\/wp-content\/uploads\/2025\/01\/Alejandro-Rojas-Pinto-768x512.jpeg 768w, https:\/\/web.molina.cl\/wp-content\/uploads\/2025\/01\/Alejandro-Rojas-Pinto-629x420.jpeg 629w, https:\/\/web.molina.cl\/wp-content\/uploads\/2025\/01\/Alejandro-Rojas-Pinto-696x464.jpeg 696w, https:\/\/web.molina.cl\/wp-content\/uploads\/2025\/01\/Alejandro-Rojas-Pinto-1068x713.jpeg 1068w, https:\/\/web.molina.cl\/wp-content\/uploads\/2025\/01\/Alejandro-Rojas-Pinto.jpeg 1133w\" sizes=\"(max-width: 300px) 100vw, 300px\" \/><\/p>\n<p><strong>Alejandro Rojas Pinto<\/strong><\/p>\n<p>(075) 2 760 729<\/p>\n<p>Correo: alejandro.rojas@molina.cl<\/p>\n<p>Profesi\u00f3n: Contador Auditor<\/p>\n<p>\u00a08 a\u00f1os de experiencia en servicio p\u00fablico<\/p>\n\n\n<p><\/p>\n","protected":false},"excerpt":{"rendered":"<p>La Direcci\u00f3n de Administraci\u00f3n y Finanzas tiene por objetivo optimizar el uso de los recursos financieros, mediante la administraci\u00f3n eficiente de la actividad financiera, contable y presupuestaria de la Municipalidad. Alejandro Rojas Pinto (075) 2 760 729 Correo: alejandro.rojas@molina.cl Profesi\u00f3n: Contador Auditor \u00a08 a\u00f1os de experiencia en servicio p\u00fablico<\/p>\n","protected":false},"author":1,"featured_media":0,"parent":220,"menu_order":0,"comment_status":"closed","ping_status":"closed","template":"","meta":{"footnotes":""},"_links":{"self":[{"href":"https:\/\/web.molina.cl\/index.php?rest_route=\/wp\/v2\/pages\/203"}],"collection":[{"href":"https:\/\/web.molina.cl\/index.php?rest_route=\/wp\/v2\/pages"}],"about":[{"href":"https:\/\/web.molina.cl\/index.php?rest_route=\/wp\/v2\/types\/page"}],"author":[{"embeddable":true,"href":"https:\/\/web.molina.cl\/index.php?rest_route=\/wp\/v2\/users\/1"}],"replies":[{"embeddable":true,"href":"https:\/\/web.molina.cl\/index.php?rest_route=%2Fwp%2Fv2%2Fcomments&post=203"}],"version-history":[{"count":4,"href":"https:\/\/web.molina.cl\/index.php?rest_route=\/wp\/v2\/pages\/203\/revisions"}],"predecessor-version":[{"id":76492,"href":"https:\/\/web.molina.cl\/index.php?rest_route=\/wp\/v2\/pages\/203\/revisions\/76492"}],"up":[{"embeddable":true,"href":"https:\/\/web.molina.cl\/index.php?rest_route=\/wp\/v2\/pages\/220"}],"wp:attachment":[{"href":"https:\/\/web.molina.cl\/index.php?rest_route=%2Fwp%2Fv2%2Fmedia&parent=203"}],"curies":[{"name":"wp","href":"https:\/\/api.w.org\/{rel}","templated":true}]}}