{"id":121,"date":"2015-03-28T05:47:40","date_gmt":"2015-03-28T05:47:40","guid":{"rendered":"http:\/\/localhost\/molina\/?page_id=121"},"modified":"2020-11-16T09:41:09","modified_gmt":"2020-11-16T13:41:09","slug":"historia","status":"publish","type":"page","link":"https:\/\/web.molina.cl\/?page_id=121","title":{"rendered":"Historia"},"content":{"rendered":"<div id=\"tdi_1\" class=\"tdc-row\"><div class=\"vc_row tdi_2  wpb_row td-pb-row\" >\n<style scoped>\n\/* custom css - generated by TagDiv Composer *\/\n\n\/* custom css - generated by TagDiv Composer *\/\n.tdi_2,\r\n                .tdi_2 .tdc-columns{\r\n                    min-height: 0;\r\n                }.tdi_2,\r\n\t\t\t\t.tdi_2 .tdc-columns{\r\n\t\t\t\t    display: block;\r\n\t\t\t\t}.tdi_2 .tdc-columns{\r\n\t\t\t\t    width: 100%;\r\n\t\t\t\t}.tdi_2:before,\r\n\t\t\t\t.tdi_2:after{\r\n\t\t\t\t    display: table;\r\n\t\t\t\t}\n<\/style><div class=\"vc_column tdi_4  wpb_column vc_column_container tdc-column td-pb-span12\">\n<style scoped>\n\/* custom css - generated by TagDiv Composer *\/\n\n\/* custom css - generated by TagDiv Composer *\/\n.tdi_4{\r\n                    vertical-align: baseline;\r\n                }.tdi_4 > .wpb_wrapper,\r\n\t\t\t\t.tdi_4 > .wpb_wrapper > .tdc-elements{\r\n\t\t\t\t    display: block;\r\n\t\t\t\t}.tdi_4 > .wpb_wrapper > .tdc-elements{\r\n\t\t\t\t    width: 100%;\r\n\t\t\t\t}.tdi_4 > .wpb_wrapper > .vc_row_inner{\r\n\t\t\t\t    width: auto;\r\n\t\t\t\t}.tdi_4 > .wpb_wrapper{\r\n\t\t\t\t    width: auto;\r\n\t\t\t\t    height: auto;\r\n\t\t\t\t}\n<\/style><div class=\"wpb_wrapper\" ><div class=\"wpb_wrapper wpb_text_column td_block_wrap td_block_wrap vc_column_text tdi_5  tagdiv-type td-pb-border-top td_block_template_2\"  data-td-block-uid=\"tdi_5\" >\n<style>\n\/* custom css - generated by TagDiv Composer *\/\n.vc_column_text > .td-element-style{\r\n\t\t\t\t\tz-index: -1;\r\n\t\t\t\t}\n<\/style><div class=\"td-fix-index\"><p style=\"text-align: justify;\"><a href=\"wp-content\/uploads\/2015\/03\/haciendaquechereguas.jpg\"><img loading=\"lazy\" decoding=\"async\" class=\" alignleft\" src=\"wp-content\/uploads\/2015\/03\/haciendaquechereguas.jpg\" alt=\"haciendaquechereguas\" width=\"269\" height=\"187\"><\/a>Uno de los lugares hist\u00f3ricos m\u00e1s importantes de la regi\u00f3n corresponde a la hacienda de Quechereguas,&nbsp;ubicada en el camino Casa Blanca.<\/p>\n<p style=\"text-align: justify;\">-Molina, lugar quiz\u00e1s desconocido para muchos molinenses, ya que fue escenario de varias acciones b\u00e9licas durante la Guerra de la Independencia y se constituy\u00f3 en el lugar preferido del Libertador Bernardo O&#8217;Higgins Riquelme en su paso por esta zona, us\u00e1ndola en una ocasi\u00f3n como l\u00ednea defensiva en la campa\u00f1a final de la Patria Vieja. All\u00ed, O&#8217;Higgins pens\u00f3 que deber\u00eda formarse la \u00faltima l\u00ednea defensiva para oponerse al invasor.<\/p>\n<p style=\"text-align: justify;\">Fue as\u00ed como hizo fortificar la bodega y la ramada de matanza de la Hacienda, formando parapetos, con el charqui y el cebo que all\u00ed se guardaba. Adem\u00e1s dispuso estrat\u00e9gicamente la artiller\u00eda y esper\u00f3 a pie firme el ataque realista. Esta acci\u00f3n patriota fue decisiva para que el general espa\u00f1ol determinara firmar el Tratado de Lircay, que pondr\u00eda fin a las hostilidades y diera a la posterior invasi\u00f3n enviada desde el Per\u00fa al mando de Mariano Osorio.<\/p>\n<p style=\"text-align: justify;\">El proceso de fundaci\u00f3n de la ciudad de Molina se inicia a comienzos de 1834, cuando el entonces Intendente de Talca, Jos\u00e9 Donoso Bustamante, visita la Hacienda Quechereguas y conoce all\u00ed el deseo de su propietario, Jos\u00e9 Antonio Rosales, Diputado de la Provincia de fundar un pueblo en uno de los extremos de su propiedad, limitando con la Hacienda Villa Verde. En marzo de 1834, la m\u00e1xima autoridad de la provincia previo informe de personalidades del sector, entre ellos el cura de Lontu\u00e9, env\u00eda la peticional Presidente de la Rep\u00fablica, Joaqu\u00edn Prieto.<\/p>\n<p style=\"text-align: justify;\"><a href=\"wp-content\/uploads\/2015\/03\/historia-arriba.jpg\"><img loading=\"lazy\" decoding=\"async\" class=\" size-medium wp-image-124 alignleft\" src=\"wp-content\/uploads\/2015\/03\/historia-arriba-300x200.jpg\" alt=\"historia-arriba\" width=\"300\" height=\"200\"><\/a>Transcurren los meses de 1834 y, el 10 de diciembre se recibe el Decreto del 28 de Noviembre por el cual se crea la nueva poblaci\u00f3n con el nombre de Villa de Molina, en memoria del Abate Juan Ignacio Molina, notable sabio chileno que enriqueci\u00f3 las ciencias de la naci\u00f3n, seg\u00fan reza el documento.<br \/>\nLa Villa qued\u00f3 instalada en los terrenos donados por el Diputado Rosales y su esposa, Mar\u00eda del Tr\u00e1nsito de la Cruz, en el mismo lugar en donde hoy se emplaza la Parroquia de Molina. All\u00ed, antes de su fundaci\u00f3n, exist\u00eda un peque\u00f1o poblado conocido como Villorrio del Tr\u00e1nsito y, seg\u00fan cuentan la tradici\u00f3n, el primer habitante de la naciente villa fue un inquilino de apellido Avenda\u00f1o.<\/p>\n<p style=\"text-align: justify;\">Ya a comienzos de 1835, el 26 de enero, se informa de la demarcaci\u00f3n de la Villa en el valle de Quechereguas, con una plaza y calles que salen de sus esquinas a los cuatro vientos, (sistema ajedrezado, proveniente de Espa\u00f1a, amplia y acogedora). Las calles tienen 12 metros de ancho, como una forma de prevenir a la poblaci\u00f3n de los frecuentes temblores que se sienten en la zona.<\/p>\n<p style=\"text-align: justify;\"><a href=\"wp-content\/uploads\/2015\/03\/plaza3.jpg\"><img loading=\"lazy\" decoding=\"async\" class=\" size-full wp-image-122 alignleft\" src=\"wp-content\/uploads\/2015\/03\/plaza3.jpg\" alt=\"plaza3\" width=\"200\" height=\"200\"><\/a>El 23 de octubre de 1835 se determina la creaci\u00f3n del Departamento de Lontu\u00e9, design\u00e1ndose a Molina como la Primera Subdelegaci\u00f3n y capital de dicho territorio.<br \/>\nHacia 1870, la Villa ten\u00eda nuevas calles y una buena cantidad de casas de barro y adobes. Ya se hab\u00eda formado un cuadrado con 25 manzanas y el poblado era centro de una importante actividad agr\u00edcola y comercial. Al continuar con este recorrido del pasado glorioso de muchos molinenses y que est\u00e1n guardados en las paginas de nuestra historia nacional, nos encontramos con la guerra del pacifico, donde molinenses participaron integrando el batall\u00f3n Lont\u00fae.<\/p>\n<p style=\"text-align: justify;\">El aporte de la gente de esta tierra a la Guerra del Pac\u00edfico. en la cual en la Batalla de la Concepci\u00f3n inmolara su vida el joven soldado Luis Cruz Mart\u00ednez, fue generosa y solidaria.<br \/>\nEn octubre de 1873, la Ilustre Municipalidad de Molina hace una petici\u00f3n al gobierno, en el sentido de que la Villa sea designada CIUDAD, lo cual se consigue por el Decreto del 7 de noviembre de ese mismo a\u00f1o, con la firma del Presidente, Federico Err\u00e1zuriz.<br \/>\nHab\u00edan transcurrido apenas 40 a\u00f1os de historia y Molina hab\u00eda alcanzado ya el t\u00edtulo de ciudad, lo cual vino a demostrar el esp\u00edritu de superaci\u00f3n de sus habitantes que, con esfuerzo, trabajo, tes\u00f3n y mucho cari\u00f1o por su tierra, hab\u00edan transformado el humilde Villorrio del Tr\u00e1nsito en un importante centro poblacional de la zona central de Chile que, con el tiempo, ser\u00eda punto \u00e1lgido del quehacer de un vasto territorio donde reinan las vides y se producen los mejores vinos del pa\u00eds, con hermosos lugares que se abren al visitante siendo importante aporte al turismo de la Regi\u00f3n.<\/p>\n<\/div><\/div><\/div><\/div><\/div><\/div><div id=\"tdi_6\" class=\"tdc-row\"><div class=\"vc_row tdi_7  wpb_row td-pb-row\" >\n<style scoped>\n\/* custom css - generated by TagDiv Composer *\/\n\n\/* custom css - generated by TagDiv Composer *\/\n.tdi_7,\r\n                .tdi_7 .tdc-columns{\r\n                    min-height: 0;\r\n                }.tdi_7,\r\n\t\t\t\t.tdi_7 .tdc-columns{\r\n\t\t\t\t    display: block;\r\n\t\t\t\t}.tdi_7 .tdc-columns{\r\n\t\t\t\t    width: 100%;\r\n\t\t\t\t}.tdi_7:before,\r\n\t\t\t\t.tdi_7:after{\r\n\t\t\t\t    display: table;\r\n\t\t\t\t}\n<\/style><div class=\"vc_column tdi_9  wpb_column vc_column_container tdc-column td-pb-span12\">\n<style scoped>\n\/* custom css - generated by TagDiv Composer *\/\n\n\/* custom css - generated by TagDiv Composer *\/\n.tdi_9{\r\n                    vertical-align: baseline;\r\n                }.tdi_9 > .wpb_wrapper,\r\n\t\t\t\t.tdi_9 > .wpb_wrapper > .tdc-elements{\r\n\t\t\t\t    display: block;\r\n\t\t\t\t}.tdi_9 > .wpb_wrapper > .tdc-elements{\r\n\t\t\t\t    width: 100%;\r\n\t\t\t\t}.tdi_9 > .wpb_wrapper > .vc_row_inner{\r\n\t\t\t\t    width: auto;\r\n\t\t\t\t}.tdi_9 > .wpb_wrapper{\r\n\t\t\t\t    width: auto;\r\n\t\t\t\t    height: auto;\r\n\t\t\t\t}\n<\/style><div class=\"wpb_wrapper\" ><div class=\"wpb_wrapper wpb_text_column td_block_wrap td_block_wrap vc_column_text tdi_10  tagdiv-type td-pb-border-top td_block_template_2\"  data-td-block-uid=\"tdi_10\" ><div class=\"td-fix-index\">\n<\/div><\/div><\/div><\/div><\/div><\/div>","protected":false},"excerpt":{"rendered":"","protected":false},"author":1,"featured_media":0,"parent":0,"menu_order":0,"comment_status":"open","ping_status":"open","template":"page-pagebuilder-title.php","meta":{"footnotes":""},"_links":{"self":[{"href":"https:\/\/web.molina.cl\/index.php?rest_route=\/wp\/v2\/pages\/121"}],"collection":[{"href":"https:\/\/web.molina.cl\/index.php?rest_route=\/wp\/v2\/pages"}],"about":[{"href":"https:\/\/web.molina.cl\/index.php?rest_route=\/wp\/v2\/types\/page"}],"author":[{"embeddable":true,"href":"https:\/\/web.molina.cl\/index.php?rest_route=\/wp\/v2\/users\/1"}],"replies":[{"embeddable":true,"href":"https:\/\/web.molina.cl\/index.php?rest_route=%2Fwp%2Fv2%2Fcomments&post=121"}],"version-history":[{"count":2,"href":"https:\/\/web.molina.cl\/index.php?rest_route=\/wp\/v2\/pages\/121\/revisions"}],"predecessor-version":[{"id":41936,"href":"https:\/\/web.molina.cl\/index.php?rest_route=\/wp\/v2\/pages\/121\/revisions\/41936"}],"wp:attachment":[{"href":"https:\/\/web.molina.cl\/index.php?rest_route=%2Fwp%2Fv2%2Fmedia&parent=121"}],"curies":[{"name":"wp","href":"https:\/\/api.w.org\/{rel}","templated":true}]}}